{"id":77,"date":"2019-08-21T16:10:33","date_gmt":"2019-08-21T16:10:33","guid":{"rendered":"http:\/\/www.waldorf-pb.cz\/?page_id=77"},"modified":"2026-01-23T06:56:16","modified_gmt":"2026-01-23T06:56:16","slug":"epochy-a-rozvrh","status":"publish","type":"page","link":"https:\/\/waldorf.pb.cz\/?page_id=77","title":{"rendered":"rozvrh hodin S\u0160 &#8211; lyceum"},"content":{"rendered":"<a href=\"https:\/\/waldorf.pb.cz\/wp-content\/uploads\/2025\/11\/rozvrh-SS-2025-2026.pdf\" class=\"pdfemb-viewer\" style=\"\" data-width=\"max\" data-height=\"max\"  data-toolbar=\"bottom\" data-toolbar-fixed=\"off\">rozvrh-SS-2025-2026<br\/><\/a>\n<p class=\"wp-block-pdfemb-pdf-embedder-viewer\"><\/p>\n\n\n\n<h2 class=\"wp-block-heading\">rozvrh hodin S\u0160 &#8211; u\u010d\u0148ovsk\u00e9 obory<\/h2>\n\n\n<a href=\"https:\/\/waldorf.pb.cz\/wp-content\/uploads\/2025\/10\/rozvrh-SOU-2025-2026.pdf\" class=\"pdfemb-viewer\" style=\"\" data-width=\"max\" data-height=\"max\"  data-toolbar=\"bottom\" data-toolbar-fixed=\"off\">rozvrh-SOU-2025-2026<br\/><\/a>\n<p class=\"wp-block-pdfemb-pdf-embedder-viewer\"><\/p>\n\n\n\n<h2 class=\"wp-block-heading\">Zm\u011bna rozvrhu epoch &#8211; u\u010dni<\/h2>\n\n\n<a href=\"https:\/\/waldorf.pb.cz\/wp-content\/uploads\/2026\/01\/Zmeneny-SS-2025-2026-epochy.pdf\" class=\"pdfemb-viewer\" style=\"\" data-width=\"max\" data-height=\"max\"  data-toolbar=\"bottom\" data-toolbar-fixed=\"off\">Zmeneny-SS-2025-2026-epochy<br\/><\/a>\n<p class=\"wp-block-pdfemb-pdf-embedder-viewer\"><\/p>\n","protected":false},"excerpt":{"rendered":"<p>rozvrh hodin S\u0160 &#8211; u\u010d\u0148ovsk\u00e9 obory Zm\u011bna rozvrhu epoch &#8211; u\u010dni<\/p>\n","protected":false},"author":1,"featured_media":0,"parent":73,"menu_order":30,"comment_status":"closed","ping_status":"closed","template":"template-full-width.php","meta":{"footnotes":""},"class_list":["post-77","page","type-page","status-publish","hentry"],"_links":{"self":[{"href":"https:\/\/waldorf.pb.cz\/index.php?rest_route=\/wp\/v2\/pages\/77","targetHints":{"allow":["GET"]}}],"collection":[{"href":"https:\/\/waldorf.pb.cz\/index.php?rest_route=\/wp\/v2\/pages"}],"about":[{"href":"https:\/\/waldorf.pb.cz\/index.php?rest_route=\/wp\/v2\/types\/page"}],"author":[{"embeddable":true,"href":"https:\/\/waldorf.pb.cz\/index.php?rest_route=\/wp\/v2\/users\/1"}],"replies":[{"embeddable":true,"href":"https:\/\/waldorf.pb.cz\/index.php?rest_route=%2Fwp%2Fv2%2Fcomments&post=77"}],"version-history":[{"count":98,"href":"https:\/\/waldorf.pb.cz\/index.php?rest_route=\/wp\/v2\/pages\/77\/revisions"}],"predecessor-version":[{"id":5801,"href":"https:\/\/waldorf.pb.cz\/index.php?rest_route=\/wp\/v2\/pages\/77\/revisions\/5801"}],"up":[{"embeddable":true,"href":"https:\/\/waldorf.pb.cz\/index.php?rest_route=\/wp\/v2\/pages\/73"}],"wp:attachment":[{"href":"https:\/\/waldorf.pb.cz\/index.php?rest_route=%2Fwp%2Fv2%2Fmedia&parent=77"}],"curies":[{"name":"wp","href":"https:\/\/api.w.org\/{rel}","templated":true}]}}