{"id":736,"date":"2019-11-19T14:41:09","date_gmt":"2019-11-19T14:41:09","guid":{"rendered":"http:\/\/www.waldorf-pb.cz\/?page_id=736"},"modified":"2025-09-28T06:37:57","modified_gmt":"2025-09-28T06:37:57","slug":"clenstvi-v-profesnich-organizacich","status":"publish","type":"page","link":"https:\/\/waldorf.pb.cz\/?page_id=736","title":{"rendered":"\u010clenstv\u00ed v&nbsp;profesn\u00edch organizac\u00edch a&nbsp;registrech, odborn\u00e1 spolupr\u00e1ce"},"content":{"rendered":"\n<p><a href=\"http:\/\/www.awms.cz\/\" target=\"_blank\" rel=\"noreferrer noopener\" aria-label=\"Asociace waldorfsk\u00fdch mate\u0159sk\u00fdch \u0161kol (otev\u0159e se na nov\u00e9 z\u00e1lo\u017ece)\">Asociace waldorfsk\u00fdch mate\u0159sk\u00fdch \u0161kol<\/a><\/p>\n\n\n\n<p><a href=\"http:\/\/www.iwaldorf.cz\/\" target=\"_blank\" rel=\"noreferrer noopener\" aria-label=\"Asociace waldorfsk\u00fdch \u0161kol (otev\u0159e se na nov\u00e9 z\u00e1lo\u017ece)\">Asociace waldorfsk\u00fdch \u0161kol<\/a><\/p>\n\n\n\n<p><a rel=\"noreferrer noopener\" aria-label=\"\u010ceskoslovensk\u00e1 mapa kov\u00e1\u0159sk\u00e9ho \u0159emesla (opens in a new tab)\" href=\"https:\/\/www.google.com\/maps\/d\/u\/2\/viewer?mid=1zBHH2RgKZDZwts-1KAx87vrcaR1vqIDl&amp;ll=49.42514757868686%2C14.839983817405393&amp;z=9\" target=\"_blank\">\u010ceskoslovensk\u00e1 mapa kov\u00e1\u0159sk\u00e9ho \u0159emesla<\/a><br><a href=\"https:\/\/www.momomobility.com\/\" target=\"_blank\" rel=\"noreferrer noopener\">Konsorcium Erasmus+ v&nbsp;odborn\u00e9m vzd\u011bl\u00e1v\u00e1n\u00ed MOMO<\/a><br><\/p>\n\n\n\n<figure class=\"wp-block-image size-large is-resized\"><img loading=\"lazy\" decoding=\"async\" src=\"https:\/\/waldorf.pb.cz\/wp-content\/uploads\/2025\/09\/MOMO_odborne_logo-1024x1024.png\" alt=\"\" class=\"wp-image-5613\" width=\"129\" height=\"129\" srcset=\"https:\/\/waldorf.pb.cz\/wp-content\/uploads\/2025\/09\/MOMO_odborne_logo.png 1024w, https:\/\/waldorf.pb.cz\/wp-content\/uploads\/2025\/09\/MOMO_odborne_logo-300x300.png 300w, https:\/\/waldorf.pb.cz\/wp-content\/uploads\/2025\/09\/MOMO_odborne_logo-150x150.png 150w, https:\/\/waldorf.pb.cz\/wp-content\/uploads\/2025\/09\/MOMO_odborne_logo-768x768.png 768w\" sizes=\"auto, (max-width: 129px) 100vw, 129px\" \/><\/figure>\n\n\n\n<p><a href=\"https:\/\/www.mkcr.cz\/evidence-knihoven-adresar-knihoven-evidovanych-ministerstvem-kultury-a-souvisejici-informace-cs-341\" target=\"_blank\" rel=\"noreferrer noopener\">Evidence \u0160koln\u00ed knihovny Waldorfsk\u00e9 \u0161koly P\u0159\u00edbram, z\u00e1kladn\u00ed knihovny v&nbsp;registru Ministerstva kultury \u010cR<\/a><\/p>\n\n\n\n<p><a href=\"https:\/\/www.kjd.pb.cz\/\" target=\"_blank\" rel=\"noreferrer noopener\">Knihovna Jana Drdy P\u0159\u00edbram<\/a><\/p>\n\n\n\n<figure class=\"wp-block-image size-large is-resized\"><img loading=\"lazy\" decoding=\"async\" src=\"https:\/\/waldorf.pb.cz\/wp-content\/uploads\/2023\/11\/KJD_logo-1.png\" alt=\"\" class=\"wp-image-4572\" width=\"129\" height=\"98\" srcset=\"https:\/\/waldorf.pb.cz\/wp-content\/uploads\/2023\/11\/KJD_logo-1.png 396w, https:\/\/waldorf.pb.cz\/wp-content\/uploads\/2023\/11\/KJD_logo-1-300x227.png 300w\" sizes=\"auto, (max-width: 129px) 100vw, 129px\" \/><\/figure>\n\n\n\n<p><a rel=\"noreferrer noopener\" href=\"https:\/\/waldorf.pb.cz\/wp-content\/uploads\/2021\/03\/Cesky-svaz-chovatelu-registrace.pdf\" target=\"_blank\">\u010cesk\u00fd svaz chovatel\u016f &#8211; v\u010dely<\/a><\/p>\n\n\n\n<p><a href=\"https:\/\/www.goethe.de\/ins\/cz\/cs\/spr\/eng\/dpt.html\">Deutsch plus<\/a><\/p>\n\n\n\n<figure class=\"wp-block-image size-large is-resized\"><img loading=\"lazy\" decoding=\"async\" src=\"https:\/\/waldorf.pb.cz\/wp-content\/uploads\/2023\/11\/GI_Logo_horizontal_green-1024x479.jpg\" alt=\"\" class=\"wp-image-4553\" width=\"156\" height=\"73\" srcset=\"https:\/\/waldorf.pb.cz\/wp-content\/uploads\/2023\/11\/GI_Logo_horizontal_green-1024x479.jpg 1024w, https:\/\/waldorf.pb.cz\/wp-content\/uploads\/2023\/11\/GI_Logo_horizontal_green-300x140.jpg 300w, https:\/\/waldorf.pb.cz\/wp-content\/uploads\/2023\/11\/GI_Logo_horizontal_green-768x359.jpg 768w, https:\/\/waldorf.pb.cz\/wp-content\/uploads\/2023\/11\/GI_Logo_horizontal_green-1536x719.jpg 1536w, https:\/\/waldorf.pb.cz\/wp-content\/uploads\/2023\/11\/GI_Logo_horizontal_green-2048x959.jpg 2048w\" sizes=\"auto, (max-width: 156px) 100vw, 156px\" \/><\/figure>\n\n\n\n<figure class=\"wp-block-image size-large is-resized\"><img loading=\"lazy\" decoding=\"async\" src=\"https:\/\/waldorf.pb.cz\/wp-content\/uploads\/2023\/11\/GI_Deutsch-Plus-CZ_RGB.jpg\" alt=\"\" class=\"wp-image-4552\" width=\"176\" height=\"40\" srcset=\"https:\/\/waldorf.pb.cz\/wp-content\/uploads\/2023\/11\/GI_Deutsch-Plus-CZ_RGB.jpg 648w, https:\/\/waldorf.pb.cz\/wp-content\/uploads\/2023\/11\/GI_Deutsch-Plus-CZ_RGB-300x68.jpg 300w\" sizes=\"auto, (max-width: 176px) 100vw, 176px\" \/><\/figure>\n\n\n\n<p><a rel=\"noreferrer noopener\" aria-label=\"Okresn\u00ed hospod\u00e1\u0159sk\u00e1 komora v&nbsp;P\u0159\u00edbrami (otev\u0159e se na nov\u00e9 z\u00e1lo\u017ece)\" href=\"https:\/\/www.ohkpb.cz\/\" target=\"_blank\">Okresn\u00ed hospod\u00e1\u0159sk\u00e1 komora v&nbsp;P\u0159\u00edbrami<\/a><\/p>\n\n\n\n<div class=\"wp-block-image\"><figure class=\"alignleft size-large is-resized\"><img loading=\"lazy\" decoding=\"async\" src=\"https:\/\/waldorf.pb.cz\/wp-content\/uploads\/2019\/11\/OHK.png\" alt=\"\" class=\"wp-image-739\" width=\"268\" height=\"80\" srcset=\"https:\/\/waldorf.pb.cz\/wp-content\/uploads\/2019\/11\/OHK.png 486w, https:\/\/waldorf.pb.cz\/wp-content\/uploads\/2019\/11\/OHK-300x90.png 300w\" sizes=\"auto, (max-width: 268px) 100vw, 268px\" \/><\/figure><\/div>\n\n\n<a href=\"https:\/\/waldorf.pb.cz\/wp-content\/uploads\/2021\/02\/awsA5.pdf\" class=\"pdfemb-viewer\" style=\"\" data-width=\"max\" data-height=\"max\"  data-toolbar=\"bottom\" data-toolbar-fixed=\"off\">awsA5<br\/><\/a>\n<p class=\"wp-block-pdfemb-pdf-embedder-viewer\"><\/p>\n","protected":false},"excerpt":{"rendered":"<p>Asociace waldorfsk\u00fdch mate\u0159sk\u00fdch \u0161kol Asociace waldorfsk\u00fdch \u0161kol \u010ceskoslovensk\u00e1 mapa kov\u00e1\u0159sk\u00e9ho \u0159emeslaKonsorcium Erasmus+ v&nbsp;odborn\u00e9m vzd\u011bl\u00e1v\u00e1n\u00ed MOMO Evidence \u0160koln\u00ed knihovny Waldorfsk\u00e9 \u0161koly P\u0159\u00edbram, z\u00e1kladn\u00ed knihovny v&nbsp;registru Ministerstva kultury \u010cR Knihovna Jana Drdy P\u0159\u00edbram \u010cesk\u00fd svaz chovatel\u016f &#8211; v\u010dely Deutsch plus Okresn\u00ed hospod\u00e1\u0159sk\u00e1 komora v&nbsp;P\u0159\u00edbrami<\/p>\n","protected":false},"author":2,"featured_media":0,"parent":437,"menu_order":39,"comment_status":"closed","ping_status":"closed","template":"","meta":{"footnotes":""},"class_list":["post-736","page","type-page","status-publish","hentry"],"_links":{"self":[{"href":"https:\/\/waldorf.pb.cz\/index.php?rest_route=\/wp\/v2\/pages\/736","targetHints":{"allow":["GET"]}}],"collection":[{"href":"https:\/\/waldorf.pb.cz\/index.php?rest_route=\/wp\/v2\/pages"}],"about":[{"href":"https:\/\/waldorf.pb.cz\/index.php?rest_route=\/wp\/v2\/types\/page"}],"author":[{"embeddable":true,"href":"https:\/\/waldorf.pb.cz\/index.php?rest_route=\/wp\/v2\/users\/2"}],"replies":[{"embeddable":true,"href":"https:\/\/waldorf.pb.cz\/index.php?rest_route=%2Fwp%2Fv2%2Fcomments&post=736"}],"version-history":[{"count":18,"href":"https:\/\/waldorf.pb.cz\/index.php?rest_route=\/wp\/v2\/pages\/736\/revisions"}],"predecessor-version":[{"id":5615,"href":"https:\/\/waldorf.pb.cz\/index.php?rest_route=\/wp\/v2\/pages\/736\/revisions\/5615"}],"up":[{"embeddable":true,"href":"https:\/\/waldorf.pb.cz\/index.php?rest_route=\/wp\/v2\/pages\/437"}],"wp:attachment":[{"href":"https:\/\/waldorf.pb.cz\/index.php?rest_route=%2Fwp%2Fv2%2Fmedia&parent=736"}],"curies":[{"name":"wp","href":"https:\/\/api.w.org\/{rel}","templated":true}]}}