{"id":652,"date":"2019-11-14T19:46:14","date_gmt":"2019-11-14T19:46:14","guid":{"rendered":"http:\/\/www.waldorf-pb.cz\/?page_id=652"},"modified":"2023-09-18T10:47:44","modified_gmt":"2023-09-18T10:47:44","slug":"prijimaci-rizeni-na-ss","status":"publish","type":"page","link":"https:\/\/waldorf.pb.cz\/?page_id=652","title":{"rendered":"P\u0159ij\u00edmac\u00ed \u0159\u00edzen\u00ed na S\u0160"},"content":{"rendered":"\n<p>Informace k&nbsp;jednotn\u00e9 p\u0159ij\u00edmac\u00ed zkou\u0161ce na st\u0159edn\u00ed \u0161koly naleznete <a rel=\"noreferrer noopener\" aria-label=\"zde (otev\u0159e se na nov\u00e9 z\u00e1lo\u017ece)\" href=\"https:\/\/prijimacky.cermat.cz\" target=\"_blank\">na port\u00e1lu Cermat<\/a> a&nbsp;<a rel=\"noreferrer noopener\" href=\"https:\/\/www.msmt.cz\/vzdelavani\/stredni-vzdelavani\/prijimani-na-stredni-skoly-a-konzervatore\" target=\"_blank\">na str\u00e1nk\u00e1ch M\u0160MT<\/a>.<br>D\u00e1le doporu\u010dujeme bro\u017euru <a href=\"https:\/\/waldorf.pb.cz\/wp-content\/uploads\/2023\/09\/Pruvodce-23-24-roz-red-09.pdf\">Kam po dev\u00edtce<\/a>.<\/p>\n\n\n\n<p>Podklady k&nbsp;p\u0159ihl\u00e1\u0161k\u00e1m projedn\u00e1vejte s&nbsp;kari\u00e9rovou poradkyn\u00ed Mgr. Jitkou Zem\u00e1nkovou Tejkalovou (jitka.zemankova@waldorf.pb.cz \/ 734&nbsp;171&nbsp;078)<br>P\u0159ejeme v\u0161em na\u0161im \u017e\u00e1k\u016fm, aby pro sebe nalezli tu nejvhodn\u011bj\u0161\u00ed \u0161kolu.<\/p>\n","protected":false},"excerpt":{"rendered":"<p>Informace k&nbsp;jednotn\u00e9 p\u0159ij\u00edmac\u00ed zkou\u0161ce na st\u0159edn\u00ed \u0161koly naleznete na port\u00e1lu Cermat a&nbsp;na str\u00e1nk\u00e1ch M\u0160MT.D\u00e1le doporu\u010dujeme bro\u017euru Kam po dev\u00edtce. Podklady k&nbsp;p\u0159ihl\u00e1\u0161k\u00e1m projedn\u00e1vejte s&nbsp;kari\u00e9rovou poradkyn\u00ed Mgr. Jitkou Zem\u00e1nkovou Tejkalovou (jitka.zemankova@waldorf.pb.cz \/ 734&nbsp;171&nbsp;078)P\u0159ejeme v\u0161em na\u0161im \u017e\u00e1k\u016fm, aby pro sebe nalezli tu nejvhodn\u011bj\u0161\u00ed \u0161kolu.<\/p>\n","protected":false},"author":2,"featured_media":0,"parent":407,"menu_order":42,"comment_status":"closed","ping_status":"closed","template":"template-full-width.php","meta":{"footnotes":""},"class_list":["post-652","page","type-page","status-publish","hentry"],"_links":{"self":[{"href":"https:\/\/waldorf.pb.cz\/index.php?rest_route=\/wp\/v2\/pages\/652","targetHints":{"allow":["GET"]}}],"collection":[{"href":"https:\/\/waldorf.pb.cz\/index.php?rest_route=\/wp\/v2\/pages"}],"about":[{"href":"https:\/\/waldorf.pb.cz\/index.php?rest_route=\/wp\/v2\/types\/page"}],"author":[{"embeddable":true,"href":"https:\/\/waldorf.pb.cz\/index.php?rest_route=\/wp\/v2\/users\/2"}],"replies":[{"embeddable":true,"href":"https:\/\/waldorf.pb.cz\/index.php?rest_route=%2Fwp%2Fv2%2Fcomments&post=652"}],"version-history":[{"count":9,"href":"https:\/\/waldorf.pb.cz\/index.php?rest_route=\/wp\/v2\/pages\/652\/revisions"}],"predecessor-version":[{"id":4517,"href":"https:\/\/waldorf.pb.cz\/index.php?rest_route=\/wp\/v2\/pages\/652\/revisions\/4517"}],"up":[{"embeddable":true,"href":"https:\/\/waldorf.pb.cz\/index.php?rest_route=\/wp\/v2\/pages\/407"}],"wp:attachment":[{"href":"https:\/\/waldorf.pb.cz\/index.php?rest_route=%2Fwp%2Fv2%2Fmedia&parent=652"}],"curies":[{"name":"wp","href":"https:\/\/api.w.org\/{rel}","templated":true}]}}