{"id":602,"date":"2019-11-10T20:00:08","date_gmt":"2019-11-10T20:00:08","guid":{"rendered":"http:\/\/www.waldorf-pb.cz\/?page_id=602"},"modified":"2019-11-15T16:25:51","modified_gmt":"2019-11-15T16:25:51","slug":"anthroposoficka-spolecnost","status":"publish","type":"page","link":"https:\/\/waldorf.pb.cz\/?page_id=602","title":{"rendered":"Anthroposofick\u00e1 spole\u010dnost"},"content":{"rendered":"\n<p>Zde najdete zdroje k&nbsp;waldorfsk\u00e9 pedagogice i&nbsp;dal\u0161\u00edm soci\u00e1ln\u00edm impulz\u016fm vych\u00e1zej\u00edc\u00ed z&nbsp;anthroposofie. Prohl\u00e9dn\u011bte si webov\u00e9 str\u00e1nky <a href=\"https:\/\/www.anthroposof.cz\" target=\"_blank\" rel=\"noreferrer noopener\" aria-label=\"Anthroposofick\u00e9 spole\u010dnosti v \u010cR (otev\u0159e se na nov\u00e9 z\u00e1lo\u017ece)\">Anthroposofick\u00e9 spole\u010dnosti v&nbsp;\u010cR<\/a>.<\/p>\n\n\n\n<div class=\"wp-block-image\"><figure class=\"alignleft is-resized\"><img loading=\"lazy\" decoding=\"async\" src=\"https:\/\/waldorf.pb.cz\/wp-content\/uploads\/2019\/11\/250px-Steiner_um_1905.jpg\" alt=\"\" class=\"wp-image-643\" width=\"261\" height=\"431\" srcset=\"https:\/\/waldorf.pb.cz\/wp-content\/uploads\/2019\/11\/250px-Steiner_um_1905.jpg 250w, https:\/\/waldorf.pb.cz\/wp-content\/uploads\/2019\/11\/250px-Steiner_um_1905-182x300.jpg 182w\" sizes=\"auto, (max-width: 261px) 100vw, 261px\" \/><figcaption>Dr. Rudolf Steiner  (1861-1925) <br>Zakladatel waldorfsk\u00e9ho \u0161kolstv\u00ed <\/figcaption><\/figure><\/div>\n","protected":false},"excerpt":{"rendered":"<p>Zde najdete zdroje k&nbsp;waldorfsk\u00e9 pedagogice i&nbsp;dal\u0161\u00edm soci\u00e1ln\u00edm impulz\u016fm vych\u00e1zej\u00edc\u00ed z&nbsp;anthroposofie. Prohl\u00e9dn\u011bte si webov\u00e9 str\u00e1nky Anthroposofick\u00e9 spole\u010dnosti v&nbsp;\u010cR.<\/p>\n","protected":false},"author":2,"featured_media":0,"parent":447,"menu_order":69,"comment_status":"closed","ping_status":"closed","template":"","meta":{"footnotes":""},"class_list":["post-602","page","type-page","status-publish","hentry"],"_links":{"self":[{"href":"https:\/\/waldorf.pb.cz\/index.php?rest_route=\/wp\/v2\/pages\/602","targetHints":{"allow":["GET"]}}],"collection":[{"href":"https:\/\/waldorf.pb.cz\/index.php?rest_route=\/wp\/v2\/pages"}],"about":[{"href":"https:\/\/waldorf.pb.cz\/index.php?rest_route=\/wp\/v2\/types\/page"}],"author":[{"embeddable":true,"href":"https:\/\/waldorf.pb.cz\/index.php?rest_route=\/wp\/v2\/users\/2"}],"replies":[{"embeddable":true,"href":"https:\/\/waldorf.pb.cz\/index.php?rest_route=%2Fwp%2Fv2%2Fcomments&post=602"}],"version-history":[{"count":4,"href":"https:\/\/waldorf.pb.cz\/index.php?rest_route=\/wp\/v2\/pages\/602\/revisions"}],"predecessor-version":[{"id":645,"href":"https:\/\/waldorf.pb.cz\/index.php?rest_route=\/wp\/v2\/pages\/602\/revisions\/645"}],"up":[{"embeddable":true,"href":"https:\/\/waldorf.pb.cz\/index.php?rest_route=\/wp\/v2\/pages\/447"}],"wp:attachment":[{"href":"https:\/\/waldorf.pb.cz\/index.php?rest_route=%2Fwp%2Fv2%2Fmedia&parent=602"}],"curies":[{"name":"wp","href":"https:\/\/api.w.org\/{rel}","templated":true}]}}