{"id":556,"date":"2019-11-10T17:05:18","date_gmt":"2019-11-10T17:05:18","guid":{"rendered":"http:\/\/www.waldorf-pb.cz\/?page_id=556"},"modified":"2019-11-20T18:54:59","modified_gmt":"2019-11-20T18:54:59","slug":"poradenska-zarizeni","status":"publish","type":"page","link":"https:\/\/waldorf.pb.cz\/?page_id=556","title":{"rendered":"Poradensk\u00e1 za\u0159\u00edzen\u00ed"},"content":{"rendered":"\n<p>Na\u0161e \u0161kola spolupracuje s&nbsp;t\u011bmito poradensk\u00fdmi za\u0159\u00edzen\u00edmi a&nbsp;terapeuty.<\/p>\n\n\n\n<p><a rel=\"noreferrer noopener\" href=\"http:\/\/www.slunce.info\/index.php?option=com_content&amp;view=article&amp;id=47&amp;Itemid=62\" target=\"_blank\"><strong>Speci\u00e1ln\u011b pedagogick\u00e9 centrum a&nbsp;pedagogicko-psychologick\u00e1 poradna Slunce<\/strong><\/a><br><strong>Hlavn\u00ed slu\u017eby, kter\u00e9 nab\u00edz\u00edme:<\/strong><\/p>\n\n\n\n<ul class=\"wp-block-list\"><li>speci\u00e1ln\u011b pedagogickou a&nbsp;psychologickou diagnostiku<\/li><li>poradenstv\u00ed a&nbsp;metodickou podporu rodi\u010d\u016fm<\/li><li>poradenstv\u00ed a&nbsp;metodickou podporu pedagog\u016fm<\/li><li>individu\u00e1ln\u00ed speci\u00e1ln\u011b pedagogickou a&nbsp;psychologickou p\u00e9\u010di<\/li><li>soci\u00e1ln\u00ed poradenstv\u00ed &#8211; pomoc p\u0159i \u0159e\u0161en\u00ed ot\u00e1zek t\u00fdkaj\u00edc\u00edch se nap\u0159\u00edklad soci\u00e1ln\u00edch slu\u017eeb, d\u00e1vek, p\u0159\u00edsp\u011bvk\u016f, pr\u016fkaz\u016f mimo\u0159\u00e1dn\u00fdch v\u00fdhod TP, ZTP, ZTP\/P, invalidn\u00edch d\u016fchod\u016f, sv\u00e9pr\u00e1vnosti apod.<\/li><\/ul>\n\n\n\n<p><a rel=\"noreferrer noopener\" aria-label=\"Pedagogicko-psychologick\u00e1 poradna St\u0159edo\u010desk\u00e9ho kraje, pracovi\u0161t\u011b P\u0159\u00edbram (otev\u0159e se na nov\u00e9 z\u00e1lo\u017ece)\" href=\"http:\/\/www.pppstredoceska.cz\/kontakty.php?lokalita=pb\" target=\"_blank\"><strong>Pedagogicko-psychologick\u00e1 poradna St\u0159edo\u010desk\u00e9ho kraje, pracovi\u0161t\u011b P\u0159\u00edbram<\/strong><\/a><br>PPP SK pom\u00e1h\u00e1 \u0159e\u0161it v\u00fdchovn\u00e9 a&nbsp;v\u00fdukov\u00e9 probl\u00e9my d\u011bt\u00ed p\u0159ed\u0161koln\u00edho, \u0161koln\u00edho a&nbsp;adolescentn\u00edho v\u011bku (d\u011bti a&nbsp;ml\u00e1de\u017e zpravidla ve v\u011bku od 3 do 19 let). V&nbsp;r\u00e1mci sv\u00e9 \u00fazemn\u00ed p\u016fsobnosti zaji\u0161\u0165uje odborn\u00e9 psychologick\u00e9 a&nbsp;speci\u00e1ln\u011b-pedagogick\u00e9 slu\u017eby d\u011btem, \u017e\u00e1k\u016fm, student\u016fm, jejich z\u00e1konn\u00fdm z\u00e1stupc\u016fm, \u0161kol\u00e1m, p\u0159ed\u0161koln\u00edm a&nbsp;\u0161kolsk\u00fdm za\u0159\u00edzen\u00edm, a&nbsp;to v&nbsp;ot\u00e1zk\u00e1ch osobnostn\u00edho, soci\u00e1ln\u00edho, vzd\u011bl\u00e1vac\u00edho a&nbsp;profesn\u00edho v\u00fdvoje d\u011bt\u00ed a&nbsp;ml\u00e1de\u017ee. PPP SK poskytuje diagnostickou, interven\u010dn\u00ed, reeduka\u010dn\u00ed, terapeutickou a&nbsp;psychokorektivn\u00ed p\u00e9\u010di a&nbsp;poradenstv\u00ed zvl\u00e1\u0161t\u011b d\u011btem a&nbsp;ml\u00e1de\u017ei s&nbsp;v\u00fdvojov\u00fdmi a&nbsp;v\u00fdchovn\u00fdmi probl\u00e9my \u010di v\u00fdukov\u00fdmi obt\u00ed\u017eemi, zaji\u0161\u0165uje psychologick\u00e9 poradenstv\u00ed p\u0159i volb\u011b vzd\u011bl\u00e1vac\u00ed a&nbsp;profesn\u00ed dr\u00e1hy, v&nbsp;n\u00e1ro\u010dn\u00fdch \u017eivotn\u00edch situac\u00edch a&nbsp;obdob\u00edch. Zpracov\u00e1v\u00e1 odborn\u00e9 podklady pro spr\u00e1vn\u00ed rozhodnut\u00ed a&nbsp;vzd\u011bl\u00e1vac\u00ed opat\u0159en\u00ed v&nbsp;p\u0159\u00edpadech stanoven\u00fdch \u0161kolsk\u00fdmi p\u0159edpisy; poskytuje informa\u010dn\u00ed a&nbsp;metodickou pomoc \u0161kol\u00e1m, pedagogick\u00fdm pracovn\u00edk\u016fm (zejm\u00e9na v\u00fdchovn\u00fdm poradc\u016fm); pod\u00edl\u00ed se na aktivit\u00e1ch souvisej\u00edc\u00edch s&nbsp;prevenc\u00ed soci\u00e1ln\u011b patologick\u00fdch jev\u016f.  <\/p>\n\n\n\n<p><a rel=\"noreferrer noopener\" aria-label=\"St\u0159edisko v\u00fdchovn\u00e9 p\u00e9\u010de P\u0159\u00edbram (otev\u0159e se na nov\u00e9 z\u00e1lo\u017ece)\" href=\"http:\/\/www.svppribram.cz\/index.php\/component\/content\/?view=featured\" target=\"_blank\"><strong>St\u0159edisko v\u00fdchovn\u00e9 p\u00e9\u010de P\u0159\u00edbram<\/strong><\/a><br>Posl\u00e1n\u00edm st\u0159ediska je pomoci d\u011btem, \u010dlen\u016fm rodiny, pedagog\u016fm a&nbsp;dal\u0161\u00edm d\u016fle\u017eit\u00fdm osob\u00e1m porozum\u011bt p\u0159\u00ed\u010din\u00e1m obt\u00ed\u017en\u00e9 situace a&nbsp;pos\u00edlit je v&nbsp;hled\u00e1n\u00ed cest \u0159e\u0161en\u00ed. St\u0159edisko prov\u00e1z\u00ed sv\u00e9 klienty v&nbsp;nal\u00e9z\u00e1n\u00ed zdrav\u00e9ho, bezpe\u010dn\u00e9ho a&nbsp;odpov\u011bdn\u00e9ho zp\u016fsobu \u017eivota, ve kter\u00e9m d\u00edt\u011b m\u016f\u017ee napl\u0148ovat sv\u00e9 v\u00fdvojov\u00e9 pot\u0159eby a&nbsp;potenci\u00e1l.Poskytuje diagnostick\u00e9, &nbsp;poradensk\u00e9,&nbsp; terapeutick\u00e9&nbsp; a&nbsp;metodick\u00e9 slu\u017eby,&nbsp; jedn\u00e1-li se o&nbsp;\u0159e\u0161en\u00ed situace ve vztahu k&nbsp;d\u00edt\u011bti.Z\u00e1kladn\u00edm principem&nbsp;st\u0159ediska je&nbsp;&nbsp;poskytov\u00e1n\u00ed slu\u017eeb zalo\u017een\u00fdch na profesionalit\u011b, prov\u00e1zanosti a&nbsp;vz\u00e1jemn\u00e9 spolupr\u00e1ci&nbsp; cel\u00e9ho&nbsp; soci\u00e1ln\u00edho syst\u00e9mu d\u00edt\u011bte ( zapojen\u00ed \u010dlen\u016f rodiny, pedagog\u016f nebo dal\u0161\u00edch d\u016fle\u017eit\u00fdch osob a&nbsp;organizac\u00ed). Pro sv\u00e9 klienty zaji\u0161\u0165uje bezpe\u010dn\u00e9 a&nbsp;respektuj\u00edc\u00ed prost\u0159ed\u00ed, ve kter\u00e9m podporuje svobodu volby klienta a&nbsp;zachov\u00e1v\u00e1 jeho d\u016fv\u011bru. &nbsp;<\/p>\n\n\n\n<p><a rel=\"noreferrer noopener\" aria-label=\"V\u00edt Hrb\u00e1\u010dek (otev\u0159e se na nov\u00e9 z\u00e1lo\u017ece)\" href=\"https:\/\/vitek-hrbacek.webnode.cz\/kontakt\/\" target=\"_blank\"><strong>V\u00edt Hrb\u00e1\u010dek<\/strong><\/a> Soci\u00e1ln\u00ed terapeut zab\u00fdvaj\u00edc\u00ed se skupinovou dynamikou t\u0159\u00eddn\u00edch kolektiv\u016f. V&nbsp;na\u0161\u00ed \u0161kole vede c\u00edlen\u00e9 soci\u00e1ln\u00ed workshopy ve spolupr\u00e1ci s&nbsp;t\u0159\u00eddn\u00edmi u\u010diteli Z\u0160 a&nbsp;S\u0160.<\/p>\n\n\n\n<p><strong>Daniel Bez\u00e1nyi<\/strong>  Lektor Akademie soci\u00e1ln\u00edho um\u011bn\u00ed Tabor, terapeut, poradce a&nbsp;lektor preventivn\u00edch program\u016f.\u00a0Daniel Bez\u00e1niy\u00a0spolupracuje se \u0161kolami, t\u0159\u00eddn\u00edmi kolektivy, u\u010diteli a&nbsp;rodi\u010di.\u00a0Zam\u011b\u0159en\u00ed program\u016f: medi\u00e1ln\u00ed v\u00fdchova, prevence, \u0159e\u0161en\u00ed a&nbsp;informovanost v&nbsp;oblasti problematiky vlivu informa\u010dn\u00edch a&nbsp;komunika\u010dn\u00edch technologi\u00ed (manipulace d\u011bt\u00ed s&nbsp;mobiln\u00edmi p\u0159\u00edstroji, po\u010d\u00edta\u010dovou technikou atd.) V&nbsp;oblasti prim\u00e1rn\u00ed prevence je \u010derp\u00e1no z&nbsp;poznatk\u016f medi\u00e1ln\u00ed pedagogiky, kter\u00e1 ve shod\u011b s&nbsp;v\u00fdvojov\u00fdm st\u00e1diem d\u011bt\u00ed propracov\u00e1v\u00e1 problematiku prost\u0159ednictv\u00edm kombinace teorie, praxe a&nbsp;um\u011bleck\u00e9ho pro\u017eitku. V&nbsp;oblasti sekund\u00e1rn\u00ed prevence je program koncipov\u00e1n v\u017edy na m\u00edru dle re\u00e1ln\u00fdch vn\u011bj\u0161\u00edch projev\u016f, pracuje na jedn\u00e9 stran\u011b s&nbsp;cel\u00fdm kolektivem d\u011bt\u00ed, na stran\u011b druh\u00e9 individu\u00e1ln\u011b ve spolupr\u00e1ci s&nbsp;vyu\u010duj\u00edc\u00edmi, rodi\u010di, tak\u00e9 s&nbsp;d\u00edt\u011btem.<\/p>\n\n\n\n<p> <strong>Uwe Buermann<\/strong>, renomovan\u00fd odborn\u00edk z&nbsp;N\u011bmecka p\u0159edn\u00e1\u0161\u00ed p\u0159\u00edle\u017eitostn\u011b tak\u00e9 v&nbsp;na\u0161\u00ed \u0161kole. Ji\u017e mnoho let se aktivn\u011b zab\u00fdv\u00e1 sledov\u00e1n\u00edm nejnov\u011bj\u0161\u00edch trend\u016f a&nbsp;tak\u00e9 vlivu pou\u017e\u00edv\u00e1n\u00ed m\u00e9di\u00ed (internetu, po\u010d\u00edta\u010d\u016f, mobiln\u00edch telefon\u016f, informa\u010dn\u00edch technologie\u2026) na d\u011bti a&nbsp;ml\u00e1de\u017e. Je to zku\u0161en\u00fd waldorfsk\u00fd u\u010ditel a&nbsp;preventista, kter\u00fd se pod\u00edl\u00ed na vzd\u011bl\u00e1v\u00e1n\u00ed waldorfsk\u00fdch pedagog\u016f a&nbsp;tak\u00e9 p\u0159edn\u00e1\u0161\u00ed pro rodi\u010de a&nbsp;ve\u0159ejnost v&nbsp;mnoha evropsk\u00fdch zem\u00edch. P\u0159i sv\u00e9 posledn\u00ed n\u00e1v\u0161t\u011bv\u011b se v\u011bnoval \u017e\u00e1k\u016fm 2.&nbsp;stupn\u011b, st\u0159edn\u00ed \u0161koly a&nbsp;pr\u00e1ci s&nbsp;kolegiem u\u010ditel\u016f. <br>Doporu\u010dujeme knihu vydanou v&nbsp;\u010de\u0161tin\u011b <a href=\"http:\/\/franesa.cz\/produkt\/jak-prezit-s-medii-uwe-buermann\/\" target=\"_blank\" rel=\"noreferrer noopener\" aria-label=\"Jak (p\u0159e)\u017e\u00edt s m\u00e9dii (otev\u0159e se na nov\u00e9 z\u00e1lo\u017ece)\">Jak (p\u0159e)\u017e\u00edt s&nbsp;m\u00e9dii<\/a>.<\/p>\n","protected":false},"excerpt":{"rendered":"<p>Na\u0161e \u0161kola spolupracuje s&nbsp;t\u011bmito poradensk\u00fdmi za\u0159\u00edzen\u00edmi a&nbsp;terapeuty. Speci\u00e1ln\u011b pedagogick\u00e9 centrum a&nbsp;pedagogicko-psychologick\u00e1 poradna SlunceHlavn\u00ed slu\u017eby, kter\u00e9 nab\u00edz\u00edme: speci\u00e1ln\u011b pedagogickou a&nbsp;psychologickou diagnostiku poradenstv\u00ed a&nbsp;metodickou podporu rodi\u010d\u016fm poradenstv\u00ed a&nbsp;metodickou podporu pedagog\u016fm individu\u00e1ln\u00ed speci\u00e1ln\u011b pedagogickou a&nbsp;psychologickou p\u00e9\u010di soci\u00e1ln\u00ed poradenstv\u00ed &#8211; pomoc p\u0159i \u0159e\u0161en\u00ed ot\u00e1zek t\u00fdkaj\u00edc\u00edch se nap\u0159\u00edklad soci\u00e1ln\u00edch slu\u017eeb, d\u00e1vek, p\u0159\u00edsp\u011bvk\u016f, pr\u016fkaz\u016f mimo\u0159\u00e1dn\u00fdch v\u00fdhod TP, ZTP, ZTP\/P, invalidn\u00edch d\u016fchod\u016f, &hellip; <a href=\"https:\/\/waldorf.pb.cz\/?page_id=556\">Continue reading <span class=\"meta-nav\">&rarr;<\/span><\/a><\/p>\n","protected":false},"author":2,"featured_media":0,"parent":539,"menu_order":34,"comment_status":"closed","ping_status":"closed","template":"template-full-width.php","meta":{"footnotes":""},"class_list":["post-556","page","type-page","status-publish","hentry"],"_links":{"self":[{"href":"https:\/\/waldorf.pb.cz\/index.php?rest_route=\/wp\/v2\/pages\/556","targetHints":{"allow":["GET"]}}],"collection":[{"href":"https:\/\/waldorf.pb.cz\/index.php?rest_route=\/wp\/v2\/pages"}],"about":[{"href":"https:\/\/waldorf.pb.cz\/index.php?rest_route=\/wp\/v2\/types\/page"}],"author":[{"embeddable":true,"href":"https:\/\/waldorf.pb.cz\/index.php?rest_route=\/wp\/v2\/users\/2"}],"replies":[{"embeddable":true,"href":"https:\/\/waldorf.pb.cz\/index.php?rest_route=%2Fwp%2Fv2%2Fcomments&post=556"}],"version-history":[{"count":11,"href":"https:\/\/waldorf.pb.cz\/index.php?rest_route=\/wp\/v2\/pages\/556\/revisions"}],"predecessor-version":[{"id":753,"href":"https:\/\/waldorf.pb.cz\/index.php?rest_route=\/wp\/v2\/pages\/556\/revisions\/753"}],"up":[{"embeddable":true,"href":"https:\/\/waldorf.pb.cz\/index.php?rest_route=\/wp\/v2\/pages\/539"}],"wp:attachment":[{"href":"https:\/\/waldorf.pb.cz\/index.php?rest_route=%2Fwp%2Fv2%2Fmedia&parent=556"}],"curies":[{"name":"wp","href":"https:\/\/api.w.org\/{rel}","templated":true}]}}

Poradenská zařízení

<p>Naše škola spolupracuje s&nbsp;těmito poradenskými zařízeními a&nbsp;terapeuty.</p>



<p><a rel="noreferrer noopener" href="http://www.slunce.info/index.php?option=com_content&amp;view=article&amp;id=47&amp;Itemid=62" target="_blank"><strong>Speciálně pedagogické centrum a&nbsp;pedagogicko-psychologická poradna Slunce</strong></a><br><strong>Hlavní služby, které nabízíme:</strong></p>



<ul class="wp-block-list"><li>speciálně pedagogickou a&nbsp;psychologickou diagnostiku</li><li>poradenství a&nbsp;metodickou podporu rodičům</li><li>poradenství a&nbsp;metodickou podporu pedagogům</li><li>individuální speciálně pedagogickou a&nbsp;psychologickou péči</li><li>sociální poradenství &#8211; pomoc při řešení otázek týkajících se například sociálních služeb, dávek, příspěvků, průkazů mimořádných výhod TP, ZTP, ZTP/P, invalidních důchodů, svéprávnosti apod.</li></ul>



<p><a rel="noreferrer noopener" aria-label="Pedagogicko-psychologická poradna Středočeského kraje, pracoviště Příbram (otevře se na nové záložce)" href="http://www.pppstredoceska.cz/kontakty.php?lokalita=pb" target="_blank"><strong>Pedagogicko-psychologická poradna Středočeského kraje, pracoviště Příbram</strong></a><br>PPP SK pomáhá řešit výchovné a&nbsp;výukové problémy dětí předškolního, školního a&nbsp;adolescentního věku (děti a&nbsp;mládež zpravidla ve věku od 3 do 19 let). V&nbsp;rámci své územní působnosti zajišťuje odborné psychologické a&nbsp;speciálně-pedagogické služby dětem, žákům, studentům, jejich zákonným zástupcům, školám, předškolním a&nbsp;školským zařízením, a&nbsp;to v&nbsp;otázkách osobnostního, sociálního, vzdělávacího a&nbsp;profesního vývoje dětí a&nbsp;mládeže. PPP SK poskytuje diagnostickou, intervenční, reedukační, terapeutickou a&nbsp;psychokorektivní péči a&nbsp;poradenství zvláště dětem a&nbsp;mládeži s&nbsp;vývojovými a&nbsp;výchovnými problémy či výukovými obtížemi, zajišťuje psychologické poradenství při volbě vzdělávací a&nbsp;profesní dráhy, v&nbsp;náročných životních situacích a&nbsp;obdobích. Zpracovává odborné podklady pro správní rozhodnutí a&nbsp;vzdělávací opatření v&nbsp;případech stanovených školskými předpisy; poskytuje informační a&nbsp;metodickou pomoc školám, pedagogickým pracovníkům (zejména výchovným poradcům); podílí se na aktivitách souvisejících s&nbsp;prevencí sociálně patologických jevů.  </p>



<p><a rel="noreferrer noopener" aria-label="Středisko výchovné péče Příbram (otevře se na nové záložce)" href="http://www.svppribram.cz/index.php/component/content/?view=featured" target="_blank"><strong>Středisko výchovné péče Příbram</strong></a><br>Posláním střediska je pomoci dětem, členům rodiny, pedagogům a&nbsp;dalším důležitým osobám porozumět příčinám obtížné situace a&nbsp;posílit je v&nbsp;hledání cest řešení. Středisko provází své klienty v&nbsp;nalézání zdravého, bezpečného a&nbsp;odpovědného způsobu života, ve kterém dítě může naplňovat své vývojové potřeby a&nbsp;potenciál.Poskytuje diagnostické, &nbsp;poradenské,&nbsp; terapeutické&nbsp; a&nbsp;metodické služby,&nbsp; jedná-li se o&nbsp;řešení situace ve vztahu k&nbsp;dítěti.Základním principem&nbsp;střediska je&nbsp;&nbsp;poskytování služeb založených na profesionalitě, provázanosti a&nbsp;vzájemné spolupráci&nbsp; celého&nbsp; sociálního systému dítěte ( zapojení členů rodiny, pedagogů nebo dalších důležitých osob a&nbsp;organizací). Pro své klienty zajišťuje bezpečné a&nbsp;respektující prostředí, ve kterém podporuje svobodu volby klienta a&nbsp;zachovává jeho důvěru. &nbsp;</p>



<p><a rel="noreferrer noopener" aria-label="Vít Hrbáček (otevře se na nové záložce)" href="https://vitek-hrbacek.webnode.cz/kontakt/" target="_blank"><strong>Vít Hrbáček</strong></a> Sociální terapeut zabývající se skupinovou dynamikou třídních kolektivů. V&nbsp;naší škole vede cílené sociální workshopy ve spolupráci s&nbsp;třídními učiteli ZŠ a&nbsp;SŠ.</p>



<p><strong>Daniel Bezányi</strong>  Lektor Akademie sociálního umění Tabor, terapeut, poradce a&nbsp;lektor preventivních programů. Daniel Bezániy spolupracuje se školami, třídními kolektivy, učiteli a&nbsp;rodiči. Zaměření programů: mediální výchova, prevence, řešení a&nbsp;informovanost v&nbsp;oblasti problematiky vlivu informačních a&nbsp;komunikačních technologií (manipulace dětí s&nbsp;mobilními přístroji, počítačovou technikou atd.) V&nbsp;oblasti primární prevence je čerpáno z&nbsp;poznatků mediální pedagogiky, která ve shodě s&nbsp;vývojovým stádiem dětí propracovává problematiku prostřednictvím kombinace teorie, praxe a&nbsp;uměleckého prožitku. V&nbsp;oblasti sekundární prevence je program koncipován vždy na míru dle reálných vnějších projevů, pracuje na jedné straně s&nbsp;celým kolektivem dětí, na straně druhé individuálně ve spolupráci s&nbsp;vyučujícími, rodiči, také s&nbsp;dítětem.</p>



<p> <strong>Uwe Buermann</strong>, renomovaný odborník z&nbsp;Německa přednáší příležitostně také v&nbsp;naší škole. Již mnoho let se aktivně zabývá sledováním nejnovějších trendů a&nbsp;také vlivu používání médií (internetu, počítačů, mobilních telefonů, informačních technologie…) na děti a&nbsp;mládež. Je to zkušený waldorfský učitel a&nbsp;preventista, který se podílí na vzdělávání waldorfských pedagogů a&nbsp;také přednáší pro rodiče a&nbsp;veřejnost v&nbsp;mnoha evropských zemích. Při své poslední návštěvě se věnoval žákům 2.&nbsp;stupně, střední školy a&nbsp;práci s&nbsp;kolegiem učitelů. <br>Doporučujeme knihu vydanou v&nbsp;češtině <a href="http://franesa.cz/produkt/jak-prezit-s-medii-uwe-buermann/" target="_blank" rel="noreferrer noopener" aria-label="Jak (pře)žít s médii (otevře se na nové záložce)">Jak (pře)žít s&nbsp;médii</a>.</p>

<p>Naše škola spolupracuje s&nbsp;těmito poradenskými zařízeními a&nbsp;terapeuty. Speciálně pedagogické centrum a&nbsp;pedagogicko-psychologická poradna SlunceHlavní služby, které nabízíme: speciálně pedagogickou a&nbsp;psychologickou diagnostiku poradenství a&nbsp;metodickou podporu rodičům poradenství a&nbsp;metodickou podporu pedagogům individuální speciálně pedagogickou a&nbsp;psychologickou péči sociální poradenství &#8211; pomoc při řešení otázek týkajících se například sociálních služeb, dávek, příspěvků, průkazů mimořádných výhod TP, ZTP, ZTP/P, invalidních důchodů, &hellip; <a href="https://waldorf.pb.cz/?page_id=556">Continue reading <span class="meta-nav">&rarr;</span></a></p>
