{"id":491,"date":"2019-11-09T17:29:25","date_gmt":"2019-11-09T17:29:25","guid":{"rendered":"http:\/\/www.waldorf-pb.cz\/?page_id=491"},"modified":"2025-10-03T08:16:20","modified_gmt":"2025-10-03T08:16:20","slug":"volna-pracovni-mista","status":"publish","type":"page","link":"https:\/\/waldorf.pb.cz\/?page_id=491","title":{"rendered":"Voln\u00e1 pracovn\u00ed m\u00edsta"},"content":{"rendered":"\n<p>Voln\u00e1 pracovn\u00ed m\u00edsta a&nbsp;jejich specifikace najdete na str\u00e1nk\u00e1ch <a rel=\"noreferrer noopener\" aria-label=\"\u00da\u0159adu pr\u00e1ce \u010cR (opens in a new tab)\" href=\"https:\/\/www.uradprace.cz\/web\/cz\/volna-mista-v-cr\" target=\"_blank\">\u00da\u0159adu pr\u00e1ce \u010cR<\/a>.  Do kolonky zam\u011bstnavatel sta\u010d\u00ed napsat I\u010cO na\u0161\u00ed \u0161koly <strong>42731259<\/strong> <\/p>\n\n\n\n<p><strong>V sou\u010dasn\u00e9 dob\u011b nab\u00edz\u00edme tato pracovn\u00ed m\u00edsta<\/strong> <br><span style=\"text-decoration: underline\" class=\"underline\">Pedagogick\u00e1 voln\u00e1 m\u00edsta<\/span>:<br>* u\u010ditel\/ka eurytmie Z\u0160 a&nbsp;S\u0160, \u00favazek 1,0 (od 1.&nbsp;9.&nbsp;2026)<br>kontaktn\u00ed osoba &#8211; Lenka Pechov\u00e1, lenka.pechova@waldorf.pb.cz<br><br><span style=\"text-decoration: underline\" class=\"underline\">Ostatn\u00ed pracovn\u00ed pozice<\/span>:<br><br><\/p>\n\n\n\n<p><br><\/p>\n\n\n\n<p><br><\/p>\n","protected":false},"excerpt":{"rendered":"<p>Voln\u00e1 pracovn\u00ed m\u00edsta a&nbsp;jejich specifikace najdete na str\u00e1nk\u00e1ch \u00da\u0159adu pr\u00e1ce \u010cR. Do kolonky zam\u011bstnavatel sta\u010d\u00ed napsat I\u010cO na\u0161\u00ed \u0161koly 42731259 V&nbsp;sou\u010dasn\u00e9 dob\u011b nab\u00edz\u00edme tato pracovn\u00ed m\u00edsta Pedagogick\u00e1 voln\u00e1 m\u00edsta:* u\u010ditel\/ka eurytmie Z\u0160 a&nbsp;S\u0160, \u00favazek 1,0 (od 1.&nbsp;9.&nbsp;2026)kontaktn\u00ed osoba &#8211; Lenka Pechov\u00e1, lenka.pechova@waldorf.pb.cz Ostatn\u00ed pracovn\u00ed pozice:<\/p>\n","protected":false},"author":2,"featured_media":0,"parent":407,"menu_order":44,"comment_status":"closed","ping_status":"closed","template":"template-full-width.php","meta":{"footnotes":""},"class_list":["post-491","page","type-page","status-publish","hentry"],"_links":{"self":[{"href":"https:\/\/waldorf.pb.cz\/index.php?rest_route=\/wp\/v2\/pages\/491","targetHints":{"allow":["GET"]}}],"collection":[{"href":"https:\/\/waldorf.pb.cz\/index.php?rest_route=\/wp\/v2\/pages"}],"about":[{"href":"https:\/\/waldorf.pb.cz\/index.php?rest_route=\/wp\/v2\/types\/page"}],"author":[{"embeddable":true,"href":"https:\/\/waldorf.pb.cz\/index.php?rest_route=\/wp\/v2\/users\/2"}],"replies":[{"embeddable":true,"href":"https:\/\/waldorf.pb.cz\/index.php?rest_route=%2Fwp%2Fv2%2Fcomments&post=491"}],"version-history":[{"count":55,"href":"https:\/\/waldorf.pb.cz\/index.php?rest_route=\/wp\/v2\/pages\/491\/revisions"}],"predecessor-version":[{"id":5624,"href":"https:\/\/waldorf.pb.cz\/index.php?rest_route=\/wp\/v2\/pages\/491\/revisions\/5624"}],"up":[{"embeddable":true,"href":"https:\/\/waldorf.pb.cz\/index.php?rest_route=\/wp\/v2\/pages\/407"}],"wp:attachment":[{"href":"https:\/\/waldorf.pb.cz\/index.php?rest_route=%2Fwp%2Fv2%2Fmedia&parent=491"}],"curies":[{"name":"wp","href":"https:\/\/api.w.org\/{rel}","templated":true}]}}