{"id":2266,"date":"2021-02-27T11:13:01","date_gmt":"2021-02-27T11:13:01","guid":{"rendered":"http:\/\/www.waldorf-pb.cz\/?page_id=2266"},"modified":"2022-05-31T04:02:56","modified_gmt":"2022-05-31T04:02:56","slug":"uplata-za-predskolni-vzdelavani","status":"publish","type":"page","link":"https:\/\/waldorf.pb.cz\/?page_id=2266","title":{"rendered":"\u00faplata za p\u0159ed\u0161koln\u00ed vzd\u011bl\u00e1v\u00e1n\u00ed"},"content":{"rendered":"\n<p>Sm\u011brnice naleznete v&nbsp;sekci <a rel=\"noreferrer noopener\" href=\"https:\/\/waldorf.pb.cz\/?page_id=516\" target=\"_blank\">Dokumenty \u0161koly<\/a>. <br>Pro \u0161koln\u00ed rok 2020\/2021 je stanovena \u00faplata 215&nbsp;K\u010d m\u011bs\u00ed\u010dn\u011b.<br>Pro \u0161koln\u00ed rok 2021\/2022 je stanovena \u00faplata 172&nbsp;K\u010d m\u011bs\u00ed\u010dn\u011b.<br>Pro \u0161koln\u00ed rok 2022\/2023 je stanovena \u00faplata 194&nbsp;K\u010d m\u011bs\u00ed\u010dn\u011b.<\/p>\n","protected":false},"excerpt":{"rendered":"<p>Sm\u011brnice naleznete v&nbsp;sekci Dokumenty \u0161koly. Pro \u0161koln\u00ed rok 2020\/2021 je stanovena \u00faplata 215&nbsp;K\u010d m\u011bs\u00ed\u010dn\u011b.Pro \u0161koln\u00ed rok 2021\/2022 je stanovena \u00faplata 172&nbsp;K\u010d m\u011bs\u00ed\u010dn\u011b.Pro \u0161koln\u00ed rok 2022\/2023 je stanovena \u00faplata 194&nbsp;K\u010d m\u011bs\u00ed\u010dn\u011b.<\/p>\n","protected":false},"author":2,"featured_media":0,"parent":0,"menu_order":0,"comment_status":"closed","ping_status":"closed","template":"","meta":{"footnotes":""},"class_list":["post-2266","page","type-page","status-publish","hentry"],"_links":{"self":[{"href":"https:\/\/waldorf.pb.cz\/index.php?rest_route=\/wp\/v2\/pages\/2266","targetHints":{"allow":["GET"]}}],"collection":[{"href":"https:\/\/waldorf.pb.cz\/index.php?rest_route=\/wp\/v2\/pages"}],"about":[{"href":"https:\/\/waldorf.pb.cz\/index.php?rest_route=\/wp\/v2\/types\/page"}],"author":[{"embeddable":true,"href":"https:\/\/waldorf.pb.cz\/index.php?rest_route=\/wp\/v2\/users\/2"}],"replies":[{"embeddable":true,"href":"https:\/\/waldorf.pb.cz\/index.php?rest_route=%2Fwp%2Fv2%2Fcomments&post=2266"}],"version-history":[{"count":5,"href":"https:\/\/waldorf.pb.cz\/index.php?rest_route=\/wp\/v2\/pages\/2266\/revisions"}],"predecessor-version":[{"id":3530,"href":"https:\/\/waldorf.pb.cz\/index.php?rest_route=\/wp\/v2\/pages\/2266\/revisions\/3530"}],"wp:attachment":[{"href":"https:\/\/waldorf.pb.cz\/index.php?rest_route=%2Fwp%2Fv2%2Fmedia&parent=2266"}],"curies":[{"name":"wp","href":"https:\/\/api.w.org\/{rel}","templated":true}]}}