{"id":2238,"date":"2021-02-25T17:27:09","date_gmt":"2021-02-25T17:27:09","guid":{"rendered":"http:\/\/www.waldorf-pb.cz\/?page_id=2238"},"modified":"2024-09-26T17:02:55","modified_gmt":"2024-09-26T17:02:55","slug":"skolska-rada","status":"publish","type":"page","link":"https:\/\/waldorf.pb.cz\/?page_id=2238","title":{"rendered":"\u0160kolsk\u00e1 rada"},"content":{"rendered":"\n<p>Z\u00e1stupci z\u0159izovatele:<br><strong>Mgr. Josef Strejc<br>Mgr. Vladim\u00edr Kr\u00e1l<\/strong><br>Z\u00e1stupci pedagog\u016f:<br><strong>Mgr. Jitka Zem\u00e1nkov\u00e1 Tejkalov\u00e1<br>Mgr. Mark\u00e9ta Vernerov\u00e1<\/strong><br>Z\u00e1stupci \u017e\u00e1k\u016f:<br><strong>Jana Hrbkov\u00e1<br>Andrea Sedl\u00e1\u010dkov\u00e1 <br><\/strong><br><br>Funk\u010dn\u00ed obdob\u00ed je t\u0159\u00edlet\u00e9.<br>Podn\u011bty pro \u010dinnost \u0161kolsk\u00e9 rady zas\u00edlejte e-mailem <strong>skolska.rada@waldorf.pb.cz<\/strong><\/p>\n\n\n\n<p><strong>Z\u00e1konn\u00fd r\u00e1mec<\/strong>  <br>Z\u00e1kon \u010d. 561\/2004 Sb.<br>Z\u00e1kon o&nbsp;p\u0159ed\u0161koln\u00edm, z\u00e1kladn\u00edm, st\u0159edn\u00edm, vy\u0161\u0161\u00edm odborn\u00e9m a&nbsp;jin\u00e9m vzd\u011bl\u00e1v\u00e1n\u00ed (\u0161kolsk\u00fd z\u00e1kon)<br>\u0160kolskou radu jej\u00ed \u00fakoly a&nbsp;funkci upravuje z\u00e1kon v&nbsp;n\u00e1sleduj\u00edc\u00edch paragrafech: \u00a7 21, \u00a7 22a, \u00a7 51, \u00a7 69, \u00a7 129, \u00a7 164, \u00a7 166, \u00a7 167, \u00a7 168<br>\u00a7 168, \u00a7 174<br>Shrnut\u00ed naleznete v&nbsp;\u00a7 168 odst. 1<\/p>\n\n\n\n<p>(1) \u0160kolsk\u00e1 rada<br>a) vyjad\u0159uje se k&nbsp;n\u00e1vrh\u016fm \u0161koln\u00edch vzd\u011bl\u00e1vac\u00edch program\u016f a&nbsp;k&nbsp;jejich n\u00e1sledn\u00e9mu uskute\u010d\u0148ov\u00e1n\u00ed,<br>b) schvaluje v\u00fdro\u010dn\u00ed zpr\u00e1vu o&nbsp;\u010dinnosti \u0161koly,<br>c) schvaluje \u0161koln\u00ed \u0159\u00e1d, ve st\u0159edn\u00edch a&nbsp;vy\u0161\u0161\u00edch odborn\u00fdch \u0161kol\u00e1ch stipendijn\u00ed \u0159\u00e1d, a&nbsp;navrhuje jejich zm\u011bny,<br>d) schvaluje pravidla pro hodnocen\u00ed v\u00fdsledk\u016f vzd\u011bl\u00e1v\u00e1n\u00ed \u017e\u00e1k\u016f v&nbsp;z\u00e1kladn\u00edch a&nbsp;st\u0159edn\u00edch \u0161kol\u00e1ch,<br>e) pod\u00edl\u00ed se na zpracov\u00e1n\u00ed koncep\u010dn\u00edch z\u00e1m\u011br\u016f rozvoje \u0161koly,<br>f) projedn\u00e1v\u00e1 n\u00e1vrh rozpo\u010dtu pr\u00e1vnick\u00e9 osoby na dal\u0161\u00ed rok, a&nbsp;navrhuje opat\u0159en\u00ed ke zlep\u0161en\u00ed hospoda\u0159en\u00ed,<br>g) projedn\u00e1v\u00e1 inspek\u010dn\u00ed zpr\u00e1vy \u010cesk\u00e9 \u0161koln\u00ed inspekce,<br>h) pod\u00e1v\u00e1 podn\u011bty a&nbsp;ozn\u00e1men\u00ed \u0159editeli \u0161koly, z\u0159izovateli, org\u00e1n\u016fm vykon\u00e1vaj\u00edc\u00edm st\u00e1tn\u00ed spr\u00e1vu ve \u0161kolstv\u00ed a&nbsp;dal\u0161\u00edm org\u00e1n\u016fm st\u00e1tn\u00ed spr\u00e1vy,<br>i) pod\u00e1v\u00e1 n\u00e1vrh na vyhl\u00e1\u0161en\u00ed konkursu na \u0159editele \u0161koly.<\/p>\n\n\n<a href=\"https:\/\/waldorf.pb.cz\/wp-content\/uploads\/2021\/02\/Volebni-rad-skolskych-rad-v-r.pdf\" class=\"pdfemb-viewer\" style=\"\" data-width=\"max\" data-height=\"max\"  data-toolbar=\"bottom\" data-toolbar-fixed=\"off\">Volebni-rad-skolskych-rad-v-r<br\/><\/a>\n<p class=\"wp-block-pdfemb-pdf-embedder-viewer\"><\/p>\n\n\n\n<p><br><\/p>\n","protected":false},"excerpt":{"rendered":"<p>Z\u00e1stupci z\u0159izovatele:Mgr. Josef StrejcMgr. Vladim\u00edr Kr\u00e1lZ\u00e1stupci pedagog\u016f:Mgr. Jitka Zem\u00e1nkov\u00e1 Tejkalov\u00e1Mgr. Mark\u00e9ta Vernerov\u00e1Z\u00e1stupci \u017e\u00e1k\u016f:Jana Hrbkov\u00e1Andrea Sedl\u00e1\u010dkov\u00e1 Funk\u010dn\u00ed obdob\u00ed je t\u0159\u00edlet\u00e9.Podn\u011bty pro \u010dinnost \u0161kolsk\u00e9 rady zas\u00edlejte e-mailem skolska.rada@waldorf.pb.cz Z\u00e1konn\u00fd r\u00e1mec Z\u00e1kon \u010d. 561\/2004 Sb.Z\u00e1kon o&nbsp;p\u0159ed\u0161koln\u00edm, z\u00e1kladn\u00edm, st\u0159edn\u00edm, vy\u0161\u0161\u00edm odborn\u00e9m a&nbsp;jin\u00e9m vzd\u011bl\u00e1v\u00e1n\u00ed (\u0161kolsk\u00fd z\u00e1kon)\u0160kolskou radu jej\u00ed \u00fakoly a&nbsp;funkci upravuje z\u00e1kon v&nbsp;n\u00e1sleduj\u00edc\u00edch paragrafech: \u00a7 21, \u00a7 22a, \u00a7 51, &hellip; <a href=\"https:\/\/waldorf.pb.cz\/?page_id=2238\">Continue reading <span class=\"meta-nav\">&rarr;<\/span><\/a><\/p>\n","protected":false},"author":2,"featured_media":0,"parent":0,"menu_order":0,"comment_status":"closed","ping_status":"closed","template":"","meta":{"footnotes":""},"class_list":["post-2238","page","type-page","status-publish","hentry"],"_links":{"self":[{"href":"https:\/\/waldorf.pb.cz\/index.php?rest_route=\/wp\/v2\/pages\/2238","targetHints":{"allow":["GET"]}}],"collection":[{"href":"https:\/\/waldorf.pb.cz\/index.php?rest_route=\/wp\/v2\/pages"}],"about":[{"href":"https:\/\/waldorf.pb.cz\/index.php?rest_route=\/wp\/v2\/types\/page"}],"author":[{"embeddable":true,"href":"https:\/\/waldorf.pb.cz\/index.php?rest_route=\/wp\/v2\/users\/2"}],"replies":[{"embeddable":true,"href":"https:\/\/waldorf.pb.cz\/index.php?rest_route=%2Fwp%2Fv2%2Fcomments&post=2238"}],"version-history":[{"count":9,"href":"https:\/\/waldorf.pb.cz\/index.php?rest_route=\/wp\/v2\/pages\/2238\/revisions"}],"predecessor-version":[{"id":5117,"href":"https:\/\/waldorf.pb.cz\/index.php?rest_route=\/wp\/v2\/pages\/2238\/revisions\/5117"}],"wp:attachment":[{"href":"https:\/\/waldorf.pb.cz\/index.php?rest_route=%2Fwp%2Fv2%2Fmedia&parent=2238"}],"curies":[{"name":"wp","href":"https:\/\/api.w.org\/{rel}","templated":true}]}}

Školská rada

<p>Zástupci zřizovatele:<br><strong>Mgr. Josef Strejc<br>Mgr. Vladimír Král</strong><br>Zástupci pedagogů:<br><strong>Mgr. Jitka Zemánková Tejkalová<br>Mgr. Markéta Vernerová</strong><br>Zástupci žáků:<br><strong>Jana Hrbková<br>Andrea Sedláčková <br></strong><br><br>Funkční období je tříleté.<br>Podněty pro činnost školské rady zasílejte e-mailem <strong>skolska.rada@waldorf.pb.cz</strong></p>



<p><strong>Zákonný rámec</strong>  <br>Zákon č. 561/2004 Sb.<br>Zákon o&nbsp;předškolním, základním, středním, vyšším odborném a&nbsp;jiném vzdělávání (školský zákon)<br>Školskou radu její úkoly a&nbsp;funkci upravuje zákon v&nbsp;následujících paragrafech: § 21, § 22a, § 51, § 69, § 129, § 164, § 166, § 167, § 168<br>§ 168, § 174<br>Shrnutí naleznete v&nbsp;§ 168 odst. 1</p>



<p>(1) Školská rada<br>a) vyjadřuje se k&nbsp;návrhům školních vzdělávacích programů a&nbsp;k&nbsp;jejich následnému uskutečňování,<br>b) schvaluje výroční zprávu o&nbsp;činnosti školy,<br>c) schvaluje školní řád, ve středních a&nbsp;vyšších odborných školách stipendijní řád, a&nbsp;navrhuje jejich změny,<br>d) schvaluje pravidla pro hodnocení výsledků vzdělávání žáků v&nbsp;základních a&nbsp;středních školách,<br>e) podílí se na zpracování koncepčních záměrů rozvoje školy,<br>f) projednává návrh rozpočtu právnické osoby na další rok, a&nbsp;navrhuje opatření ke zlepšení hospodaření,<br>g) projednává inspekční zprávy České školní inspekce,<br>h) podává podněty a&nbsp;oznámení řediteli školy, zřizovateli, orgánům vykonávajícím státní správu ve školství a&nbsp;dalším orgánům státní správy,<br>i) podává návrh na vyhlášení konkursu na ředitele školy.</p>


<a href="https://waldorf.pb.cz/wp-content/uploads/2021/02/Volebni-rad-skolskych-rad-v-r.pdf" class="pdfemb-viewer" style="" data-width="max" data-height="max"  data-toolbar="bottom" data-toolbar-fixed="off">Volebni-rad-skolskych-rad-v-r<br/></a>
<p class="wp-block-pdfemb-pdf-embedder-viewer"></p>



<p><br></p>

<p>Zástupci zřizovatele:Mgr. Josef StrejcMgr. Vladimír KrálZástupci pedagogů:Mgr. Jitka Zemánková TejkalováMgr. Markéta VernerováZástupci žáků:Jana HrbkováAndrea Sedláčková Funkční období je tříleté.Podněty pro činnost školské rady zasílejte e-mailem skolska.rada@waldorf.pb.cz Zákonný rámec Zákon č. 561/2004 Sb.Zákon o&nbsp;předškolním, základním, středním, vyšším odborném a&nbsp;jiném vzdělávání (školský zákon)Školskou radu její úkoly a&nbsp;funkci upravuje zákon v&nbsp;následujících paragrafech: § 21, § 22a, § 51, &hellip; <a href="https://waldorf.pb.cz/?page_id=2238">Continue reading <span class="meta-nav">&rarr;</span></a></p>
