{"id":2215,"date":"2021-02-04T08:12:33","date_gmt":"2021-02-04T08:12:33","guid":{"rendered":"http:\/\/www.waldorf-pb.cz\/?page_id=2215"},"modified":"2021-02-04T08:17:13","modified_gmt":"2021-02-04T08:17:13","slug":"ombudsman-detem","status":"publish","type":"page","link":"https:\/\/waldorf.pb.cz\/?page_id=2215","title":{"rendered":"Ombudsman d\u011btem"},"content":{"rendered":"<a href=\"https:\/\/waldorf.pb.cz\/wp-content\/uploads\/2021\/02\/Ombudsman_informace.pdf\" class=\"pdfemb-viewer\" style=\"\" data-width=\"max\" data-height=\"max\"  data-toolbar=\"bottom\" data-toolbar-fixed=\"off\">Ombudsman_informace<br\/><\/a>\n<p class=\"wp-block-pdfemb-pdf-embedder-viewer\"><\/p>\n\n\n\n<p>Mil\u00ed \u017e\u00e1ci, na tomto odkazu najdete kontakty ve\u0159ejn\u00e9ho ochr\u00e1nce pr\u00e1v pro d\u011bti. <a href=\"https:\/\/deti.ochrance.cz\/\">https:\/\/deti.ochrance.cz\/<\/a><\/p>\n","protected":false},"excerpt":{"rendered":"<p>Mil\u00ed \u017e\u00e1ci, na tomto odkazu najdete kontakty ve\u0159ejn\u00e9ho ochr\u00e1nce pr\u00e1v pro d\u011bti. https:\/\/deti.ochrance.cz\/<\/p>\n","protected":false},"author":2,"featured_media":0,"parent":539,"menu_order":0,"comment_status":"closed","ping_status":"closed","template":"","meta":{"footnotes":""},"class_list":["post-2215","page","type-page","status-publish","hentry"],"_links":{"self":[{"href":"https:\/\/waldorf.pb.cz\/index.php?rest_route=\/wp\/v2\/pages\/2215","targetHints":{"allow":["GET"]}}],"collection":[{"href":"https:\/\/waldorf.pb.cz\/index.php?rest_route=\/wp\/v2\/pages"}],"about":[{"href":"https:\/\/waldorf.pb.cz\/index.php?rest_route=\/wp\/v2\/types\/page"}],"author":[{"embeddable":true,"href":"https:\/\/waldorf.pb.cz\/index.php?rest_route=\/wp\/v2\/users\/2"}],"replies":[{"embeddable":true,"href":"https:\/\/waldorf.pb.cz\/index.php?rest_route=%2Fwp%2Fv2%2Fcomments&post=2215"}],"version-history":[{"count":3,"href":"https:\/\/waldorf.pb.cz\/index.php?rest_route=\/wp\/v2\/pages\/2215\/revisions"}],"predecessor-version":[{"id":2221,"href":"https:\/\/waldorf.pb.cz\/index.php?rest_route=\/wp\/v2\/pages\/2215\/revisions\/2221"}],"up":[{"embeddable":true,"href":"https:\/\/waldorf.pb.cz\/index.php?rest_route=\/wp\/v2\/pages\/539"}],"wp:attachment":[{"href":"https:\/\/waldorf.pb.cz\/index.php?rest_route=%2Fwp%2Fv2%2Fmedia&parent=2215"}],"curies":[{"name":"wp","href":"https:\/\/api.w.org\/{rel}","templated":true}]}}